 6329
List the prime factors of 6498781.
1951, 3331
List the prime factors of 3996824.
2, 13, 38431
List the prime factors of 734563.
47, 15629
What are the prime factors of 223791?
3, 74597
What are the prime factors of 40404?
2, 3, 7, 13, 37
What are the prime factors of 226843?
226843
What are the prime factors of 48198?
2, 3, 29, 277
List the prime factors of 7071733.
1987, 3559
What are the prime factors of 12493494?
2, 3, 13, 37
List the prime factors of 1562024.
2, 195253
List the prime factors of 178259.
178259
List the prime factors of 688468.
2, 11, 15647
What are the prime factors of 1703656?
2, 23, 47, 197
List the prime factors of 3409107.
3, 13, 61, 1433
List the prime factors of 28326489.
3, 83, 113761
What are the prime factors of 566068?
2, 47, 3011
List the prime factors of 124720.
2, 5, 1559
List the prime factors of 137018.
2, 7, 9787
What are the prime factors of 3468857?
7, 70793
List the prime factors of 2668903.
2668903
What are the prime factors of 692761?
692761
What are the prime factors of 9406834?
2, 4703417
List the prime factors of 2465951.
2465951
List the prime factors of 4961734.
2, 307, 8081
What are the prime factors of 13405813?
13405813
What are the prime factors of 548309?
548309
List the prime factors of 172379.
223, 773
List the prime factors of 33142401.
3, 17, 216617
What are the prime factors of 4497726?
2, 3, 29, 25849
List the prime factors of 2101907.
2101907
List the prime factors of 12840.
2, 3, 5, 107
What are the prime factors of 741677?
741677
List the prime factors of 6114809.
2371, 2579
List the prime factors of 3430943.
1601, 2143
List the prime factors of 43237426.
2, 17, 19, 66931
What are the prime factors of 1763199?
3, 409, 479
List the prime factors of 5580960.
2, 3, 5, 7, 11, 151
List the prime factors of 5818326.
2, 3, 969721
List the prime factors of 2341112.
2, 29, 10091
List the prime factors of 103447.
31, 47, 71
List the prime factors of 148699.
17, 8747
What are the prime factors of 13512?
2, 3, 563
List the prime factors of 3763268.
2, 940817
What are the prime factors of 159088?
2, 61, 163
What are the prime factors of 4829252?
2, 1207313
What are the prime factors of 10655206?
2, 379, 14057
List the prime factors of 6882524.
2, 11, 156421
List the prime factors of 25468315.
5, 5093663
List the prime factors of 1825158.
2, 3, 304193
What are the prime factors of 4333296?
2, 3, 11, 29, 283
List the prime factors of 277825.
5, 11113
What are the prime factors of 214437?
3, 71479
What are the prime factors of 5843167?
11, 531197
What are the prime factors of 286429?
11, 13, 2003
List the prime factors of 462117.
3, 31, 4969
List the prime factors of 399523.
399523
What are the prime factors of 1997523?
3, 11, 20177
What are the prime factors of 215298?
2, 3, 443
List the prime factors of 380110.
2, 5, 38011
What are the prime factors of 8517546?
2, 3, 473197
What are the prime factors of 2249352?
2, 3, 7, 4463
List the prime factors of 2119257.
3, 7, 11213
What are the prime factors of 312005?
5, 62401
List the prime factors of 2413386.
2, 3, 134077
What are the prime factors of 189927?
3, 47, 449
List the prime factors of 5505647.
7, 223, 3527
What are the prime factors of 521567?
521567
What are the prime factors of 1333426?
2, 653, 1021
What are the prime factors of 81758?
2, 40879
List the prime factors of 764522.
2, 11, 19, 31, 59
What are the prime factors of 79846?
2, 13, 37, 83
List the prime factors of 1196340.
2, 3, 5, 127, 157
What are the prime factors of 145330?
2, 5, 14533
What are the prime factors of 2824413?
3, 941471
What are the prime factors of 2516224?
2, 9829
What are the prime factors of 50729?
7, 7247
What are the prime factors of 6913554?
2, 3, 71, 16229
What are the prime factors of 2980877?
89, 33493
List the prime factors of 22787.
22787
What are the prime factors of 106229?
19, 5591
List the prime factors of 537448.
2, 67181
What are the prime factors of 177439?
191, 929
What are the prime factors of 5576000?
2, 5, 17, 41
What are the prime factors of 11681875?
5, 18691
What are the prime factors of 208133?
29, 7177
List the prime factors of 339147.
3, 53, 79
What are the prime factors of 483147?
3, 7, 7669
List the prime factors of 5726021.
7, 29, 67, 421
What are the prime factors of 11922660?
2, 3, 5, 22079
What are the prime factors of 1008342?
2, 3, 71, 263
What are the prime factors of 386713?
386713
List the prime factors of 30812.
2, 7703
What are the prime factors of 999688?
2, 29, 31, 139
List the prime factors of 2094684.
2, 3, 173, 1009
List the prime factors of 1152878.
2, 576439
What are the prime factors of 1281978?
2, 3, 67, 1063
What are the prime factors of 1709013?
3, 569671
List the prime factors of 76600.
2, 5, 383
List the prime factors of 1802064.
2, 3, 11, 3413
List the prime factors of 439861.
439861
List the prime factors of 58493.
29, 2017
What are the prime factors of 1132070?
2, 5, 79, 1433
List the prime factors of 2526304.
2, 11, 7177
List the prime factors of 493137.
3, 157, 349
What are the prime factors of 307706?
2, 7, 31, 709
List the prime factors of 58728.
2, 3, 2447
What are the prime factors of 742784?
2, 7, 829
List the prime factors of 920979.
3, 31, 3301
List the prime factors of 1109248.
2, 7, 619
What are the prime factors of 1235266?
2, 19, 32507
List the prime factors of 661414.
2, 13, 25439
What are the prime factors of 36814?
2, 79, 233
What are the prime factors of 8173898?
2, 4086949
What are the prime factors of 17388913?
17388913
List the prime factors of 889583.
269, 3307
What are the prime factors of 15720?
2, 3, 5, 131
List the prime factors of 2313494.
2, 1156747
What are the prime factors of 876823?
876823
What are the prime factors of 14920212?
2, 3, 173, 7187
List the prime factors of 824032.
2, 11, 2341
List the prime factors of 18714292.
2, 421, 11113
List the prime factors of 383035.
5, 76607
List the prime factors of 548409.
3, 182803
What are the prime factors of 92801?
92801
What are the prime factors of 4745287?
37, 277, 463
What are the prime factors of 5751480?
2, 3, 5, 7, 41, 167
What are the prime factors of 3147014?
2, 13, 121039
What are the prime factors of 5518153?
1451, 3803
List the prime factors of 309577.
309577
What are the prime factors of 678113?
17, 113, 353
List the prime factors of 15022446.
2, 3, 113, 22157
What are the prime factors of 1641346?
2, 7, 117239
List the prime factors of 6461396.
2, 103, 15683
List the prime factors of 397968.
2, 3, 8291
List the prime factors of 16708665.
3, 5, 1021, 1091
What are the prime factors of 248291?
248291
What are the prime factors of 237477?
3, 79159
List the prime factors of 12711771.
3, 1412419
What are the prime factors of 4494695?
5, 67, 13417
List the prime factors of 48577.
31, 1567
List the prime factors of 1828588.
2, 17, 26891
List the prime factors of 229116.
2, 3, 61, 313
List the prime factors of 385628.
2, 17, 53, 107
What are the prime factors of 1176657?
3, 23, 17053
List the prime factors of 756247.
756247
What are the prime factors of 666035?
5, 31, 4297
What are the prime factors of 279963?
3, 10369
What are the prime factors of 7440124?
2, 29, 31, 2069
What are the prime factors of 1948221?
3, 11, 1789
What are the prime factors of 21029244?
2, 3, 1752437
What are the prime factors of 2426363?
2426363
What are the prime factors of 239065?
5, 137, 349
What are the prime factors of 1021385?
5, 37, 5521
What are the prime factors of 1005660?
2, 3, 5, 37, 151
List the prime factors of 223503.
3, 7, 29, 367
What are the prime factors of 24215516?
2, 13, 457, 1019
What are the prime factors of 4373316?
2, 3, 29, 59, 71
List the prime factors of 33273648.
2, 3, 231067
What are the prime factors of 7954608?
2, 3, 165721
List the prime factors of 662947.
662947
List the prime factors of 13989919.
29, 467, 1033
List the prime factors of 602470.
2, 5, 11, 5477
What are the prime factors of 1180527?
3, 19, 139, 149
List the prime factors of 30558664.
2, 3819833
What are the prime factors of 184316?
2, 11, 59, 71
List the prime factors of 343286.
2, 37, 4639
List the prime factors of 16854864.
2, 3, 13, 27011
What are the prime factors of 4634860?
2, 5, 19, 12197
List the prime factors of 186977.
7, 26711
What 